2. What are the prime factors of t?
2, 3, 17, 23
List the prime factors of (-35694)/(-26) - 116/(-754) - -6.
7, 197
Let r be 8/28 - ((-120)/21 - -1). Suppose -r*p + 2*d - 6 = 0, 4*d = -3*p + 9*d - 15. Suppose 26*i - 31*i + 575 = p. List the prime factors of i.
5, 23
Suppose -53*c + 22296 = -65*c. Let a = c + 3335. What are the prime factors of a?
7, 211
Suppose -5*w + 648365 = 84*w. What are the prime factors of w?
5, 31, 47
Suppose 67854 = 5*a - z, -2936*a + 2938*a - z = 27138. List the prime factors of a.
2, 3, 13, 29
Let x = 2037 + -1428. Suppose -3669 = -12*n - x. List the prime factors of n.
3, 5, 17
Let m be (-8)/32 - (-1)/4. Let s(g) = 4 + m + 1 - 5*g + 1. List the prime factors of s(-19).
101
Suppose 3*r = -3*p + 6 - 0, 20 = 4*p - 2*r. Suppose -1774 = p*j - 5398. What are the prime factors of j?
2, 3, 151
Let o(b) = 6*b - 24. Let i be o(5). Let z = -10 + i. What are the prime factors of -70*(-2 - 6/z)?
5, 7
Suppose 0 = 9*h + 3713 - 17258. Let i = h + -183. What are the prime factors of i?
2, 661
Let k = -102 + 84. List the prime factors of (-8)/6 + (-7440)/k.
2, 103
List the prime factors of 18/99 + (2 - (-305774)/22) + -4.
13, 1069
Suppose 0 + 12 = 5*f - 4*w, 3*f - w - 10 = 0. Suppose -5*j + 4459 = -3*i, 2*i = f*j - 3154 - 414. List the prime factors of j.
19, 47
Let y = -93400 - -147898. List the prime factors of y.
2, 3, 31, 293
Suppose -78285 - 64276 = -37*v. List the prime factors of v.
3853
Let t(y) = -667*y**3 - 12*y - 12. Let l(a) = 20*a - 141. Let h be l(7). What are the prime factors of t(h)?
23, 29
Suppose 1082*r = 994*r + 1830224. What are the prime factors of r?
2, 10399
Let w(i) = 1189*i**2 - 41*i + 40. Let s be w(1). Suppose 17*k - 971 - s = 0. List the prime factors of k.
127
Suppose -4*t + 5*o = -15, 4*o + 4 = 2*t - 8. Suppose t = 34*g - 38*g + 44. Let k(a) = -a**2 + 17*a - 10. List the prime factors of k(g).
2, 7
Let k(p) = 600*p**2 - 12*p - 6. List the prime factors of k(-2).
2, 3, 13, 31
Suppose 163*q - 192*q = -553001. List the prime factors of q.
19069
Let y(h) = -8000*h**3 + h**2 - 27*h - 28. List the prime factors of y(-1).
2, 5
Let s(y) = 2*y**2 + 14*y + 6. Let h be s(-6). Let m(a) = a**3 + 5*a**2 - 8*a - 9. Let g be m(h). Suppose -105 = -g*p + 54. List the prime factors of p.
53
Let a(b) = b**3 + 6*b**2 - 7*b - 3. Let y(w) = -2*w + 19. Let k be y(7). Suppose -k*t = 2 + 28. List the prime factors of a(t).
3, 13
Suppose -3*w + 3*u = -1304 - 211, -1495 = -3*w - u. List the prime factors of -56*(2/(-6) - w/48).
2, 7, 43
Let t(u) = -u**3 + 7*u**2 - 9*u + 8. Let h be t(6). Let o = 151 + -150. List the prime factors of ((2 + -14)*o)/(3/h).
2, 5
Let r be 2 - -90 - 2 - 10/5. Let s = -75 + r. List the prime factors of 260/s*(-38)/(-4).
2, 5, 19
Suppose 12081 - 42251 = -2*y + 5*h, 4*y = -2*h + 60340. Suppose 0 = 10*o - y + 1835. What are the prime factors of o?
5, 53
Suppose -6*p = -10*p + 2896. Suppose j - p = -146. What are the prime factors of j?
2, 17
Let q(r) be the second derivative of -r**4/12 - 11*r**3/6 - 2*r. Let k be q(-10). Suppose -k*c + 346 = -414. What are the prime factors of c?
2, 19
Let p(k) = 24*k - 21. Let z be p(1). Suppose -2*y = -z*g - 1109, 0*y - 2*g = -5*y + 2789. List the prime factors of y.
13, 43
Suppose 4*g + 1925 - 465 = 0. Let q = g + 635. List the prime factors of q.
2, 3, 5
Suppose -4*o = -2*f + 110126, -3*o + 64868 = -5*f + 340239. List the prime factors of f.
55079
Suppose -149*g - 41928 = -152*g. List the prime factors of g.
2, 1747
Suppose 23*j = -7*j + 244719 + 354111. What are the prime factors of j?
19961
Suppose -84*a + 76*a = 0. Suppose a = 5*g - 5*y - 2960, 7*g - 2359 = 3*g - 5*y. List the prime factors of g.
3, 197
Let i = 743 - -132. List the prime factors of i.
5, 7
Let f = 12499 + 22572. What are the prime factors of f?
17, 2063
Suppose 54 = 4*n + 2*o, 4*n - 10 = o + 41. Suppose -2*b + 21 - n = 0. Suppose 245 = w + b*w. List the prime factors of w.
7
Suppose 2*o - 5*m + 29 = 0, -o - 3*m + 12 = -1. What are the prime factors of (-1)/o*-5*(-21 - -1)?
2, 5
Let q(g) = -15*g - 53*g + g**3 - 16 + 65*g + 22*g**2 - 16 - 30*g. List the prime factors of q(-21).
2, 19, 29
Suppose -686*y = -329*y - 335*y - 1768074. List the prime factors of y.
3, 7, 43, 89
Suppose 2*j - 96 = -106, -3*c = 3*j - 11817. What are the prime factors of c?
2, 17, 29
Let v = -76 - -91. Let s(b) = -4*b - 4*b**3 - 25 + 34 + 2*b**3 + 31*b**2. What are the prime factors of s(v)?
2, 3, 29
Suppose 8 - 64 = -2*m. Let v = 4358 + -4403. Let p = m - v. List the prime factors of p.
73
Suppose 3*o - 6*g + 4*g = 606, -5*o + 5*g + 1015 = 0. Suppose -o*q + 199*q + 1219 = 0. What are the prime factors of q?
23, 53
Suppose -86*c = -91*c + 10. Suppose -4*p + 0*p = -20, c*p - 3 = z. List the prime factors of z.
7
Let w(i) be the first derivative of -i**2/2 + 12*i - 30. Let d be w(9). Let t = 68 - d. List the prime factors of t.
5, 13
Suppose 0 = 2*j - 0*j + 18*j - 6880. Let f = -8 + 5. What are the prime factors of j/2 + f*1?
13
Let b = 8035 - -7227. What are the prime factors of b?
2, 13, 587
Let k = -10305 + 28324. List the prime factors of k.
37, 487
List the prime factors of 112/24*(25840/7 - -2).
2, 31, 139
List the prime factors of 134405/(-20)*(-8 + (40/2)/5).
26881
Let d be 14/4*(2 + 2)*11. Let x = d + -77. Let m = x - 13. What are the prime factors of m?
2
Suppose 40*p = -63*p + 26*p + 2539614. What are the prime factors of p?
2, 3, 23, 239
Suppose -119 = -4*x - 7. Let a = x + -24. Suppose a*c + 2*d = 158, -c - 2*d - d = -47. What are the prime factors of c?
2, 19
Suppose -4*i - 12 = -i, -z - 137 = -i. Let x = 857 + z. List the prime factors of x.
2, 179
What are the prime factors of (-13 + 5 + 100)*14595/30?
2, 7, 23, 139
Let t(v) = -3*v**3 - 20*v**2 - 10*v - 1 + 33*v**2 - 5 + 2*v**3. Let d = 29 - 17. List the prime factors of t(d).
2, 3
Suppose -n - 12*d = -11*d + 11, 3*n + 4*d = -33. Let b(t) = t**3 + 12*t**2 - 5*t + 4. List the prime factors of b(n).
2, 3, 5
Let w = 235 + -235. Let z(p) = -p**2 - 10*p + 493. What are the prime factors of z(w)?
17, 29
Suppose 3*m + 4*o + 80 = 0, -3*o - 55 = 2*m - 1. Let l(s) = -2*s**2 - 40*s - 36. Let z be l(m). List the prime factors of 2/((15/z)/(-5)).
2, 19
Let c(s) = -1350*s + 946. What are the prime factors of c(-7)?
2, 23, 113
Let c(o) = 4*o**2 - 11*o - 3. Let i be (-156)/(-16) - (-3)/12. What are the prime factors of c(i)?
7, 41
List the prime factors of 33349 + (-32)/48*(-4 + -2).
33353
Let s(a) = -20*a**2 - 7*a + 15. Let z(o) = -13*o**2 - 5*o + 10. Let t(f) = 5*s(f) - 8*z(f). Let b be t(4). What are the prime factors of b/1 - (-2*6)/(-6)?
7, 11
Let n be (-52800)/40*1/(-2). Suppose 22*q - 20*q = n. List the prime factors of q.
2, 3, 5, 11
Let l(c) = 15*c + 137. List the prime factors of l(-8).
17
Suppose -11*f + 343*f = 164650 + 359578. What are the prime factors of f?
1579
What are the prime factors of -7*(2 + 22821/(-21))?
3, 2531
Let q(o) = -11*o**3 + 2 + 5 + 12*o**3 + 9*o**2. Let y be q(-9). Suppose 70 + y = g. What are the prime factors of g?
7, 11
Let h(y) = 40*y**3 + 14*y**2 - 143*y + 4. What are the prime factors of h(10)?
2, 11, 23, 79
Suppose -o - 173*g + 2780 = -176*g, -16 = 4*g. What are the prime factors of o?
2, 173
Let t = 9599 + 1361. List the prime factors of t.
2, 5, 137
Suppose 7*g = 3*g + 528. Let w = 383 - 379. Suppose 2*n = 3*b - g, -w*n = -14 + 2. What are the prime factors of b?
2, 23
Let n = -32942 + 50870. List the prime factors of n.
2, 3, 83
What are the prime factors of 33061/2 - (770/(-28) + 27)?
61, 271
Let w = 3613 - -16682. List the prime factors of w.
3, 5, 11, 41
Let j(c) be the second derivative of -2*c**3/3 + 20*c**2 + 24*c. Let o be j(13). What are the prime factors of (-8)/o - (-489)/9?
5, 11
Suppose -357*m - 18*m + 18153750 = 0. List the prime factors of m.
2, 5, 47, 103
Suppose 85142 - 358711 - 815062 = -43*a. What are the prime factors of a?
3, 29, 97
Let s = -49611 + 96649. What are the prime factors of s?
2, 29, 811
Suppose 16*d - 2*u = 14*d + 10, -13 = -d - u. List the prime factors of ((-19808)/(-48))/(6/d).
619
Let s(h) = 2*h**2 - 4*h + 12. Let v(k) = -k**2 + 8*k + 11. Let w be v(9). Suppose 5*o + 27 = 2*r, -3 = w*r - 2*o - 21. List the prime factors of s(r).
2, 3, 5
Let v(a) be the second derivative of a**4/12 + 11*a**2/2 + 